, i*n - 61 = -h. What is the units digit of n?
6
Suppose -9893 = 45*u - 58*u. What is the tens digit of u?
6
Let t(c) be the third derivative of -c**5/20 - 25*c**4/24 - c**3/2 - 19*c**2. Let r be t(-8). Suppose -r*a = 4*a - 54. What is the units digit of a?
6
Let s(q) = -553*q**3 + q**2 + 2*q + 1. Let l = 289 - 290. What is the hundreds digit of s(l)?
5
Let y be -18 - (-3 + (2 - 1)). Let j(v) = 5*v + 14. Let s be j(-3). What is the tens digit of s/(-2) + (-1064)/y?
6
Suppose -69*j - 306 = -87*j. Suppose j*t + 425 = 22*t. What is the tens digit of t?
8
Suppose 0 = 49*b + 50*b - 84*b - 1174200. What is the hundreds digit of b?
2
Suppose -3*v = v + 2*g + 4, 10 = -5*g. Let o be (-473)/22*(v + -2). Let h = o - 12. What is the tens digit of h?
3
Suppose f + 3*d - 49 = -3*f, 5*d - 35 = -2*f. Suppose 24*s - 209 = 319. Let m = s - f. What is the tens digit of m?
1
Let d = 43 + -39. Suppose -158 = -d*h + 98. Suppose s - h = -s. What is the tens digit of s?
3
Suppose -i = -23*i + 144166. What is the hundreds digit of i?
5
Let q = 6664 + -950. What is the thousands digit of q?
5
Suppose 0 = -120*k + 130*k - 75790. What is the thousands digit of k?
7
What is the hundreds digit of (-2)/2 + ((-5227814)/(-795) - (-4)/30)?
5
Suppose -10 = 5*w - 4*m + 19, 4*w + 4*m = -16. What is the hundreds digit of ((-4884)/55)/(1/w)?
4
Let w = -165 - -167. Suppose 10 = w*h - 230. What is the units digit of h?
0
Let j be 3*70/(-45)*-6. Let r(x) = 6*x**3 + 3*x. Let o be r(2). Let q = o - j. What is the tens digit of q?
2
Let t(d) = -d**3 + 56*d**2 - 197*d + 130. What is the tens digit of t(50)?
8
Let h(v) = -v**2 + 4*v - 1. Suppose -3 - 9 = 3*x - 4*n, -4*n = -5*x - 12. Let a be h(x). What is the tens digit of (a/4)/1 - (-97)/4?
2
Let p = -17135 - -50055. What is the tens digit of p?
2
Let o = 480 + -323. Let b be (-84)/(4 - (-1 + 7)). Let f = o - b. What is the units digit of f?
5
Let a = -3789 - -3918. What is the tens digit of a?
2
Let w(y) = 5*y - 4. Let p be w(3). Let t(q) = -5*q**2 - 14*q - 9. Let o(i) = -9*i**2 - 27*i - 17. Let g(c) = p*t(c) - 6*o(c). What is the units digit of g(4)?
9
Suppose 1831*g = 1641*g + 7081870. What is the units digit of g?
3
Suppose -5*x + 6*g + 18052 = 0, 3*g - 8 = 7*g. What is the units digit of x?
8
Suppose -199 + 202 = q. Suppose q*d = 4*c - 218 - 494, 0 = 5*c - 2*d - 883. What is the units digit of c?
5
Let s be 56/(-98) - 41026/14. What is the units digit of (s/(-6) - (-8)/(-16)) + 2?
0
Let l(g) = 115*g**2 + g + 1. Let j be (-22)/10 - 20/(-100). Let h be l(j). Suppose h = 5*k - 4*f, -6*k + 3*k - 3*f + 270 = 0. What is the tens digit of k?
9
Let l = 75376 - 31222. What is the thousands digit of l?
4
Suppose 5*q = 4*b - 5, 4*q + 5*b = -2 + 39. Suppose 2*m = q*o - 1133, -3*o - 3*m + 738 = -o. What is the tens digit of o?
7
Let k(y) = 1201*y**2 - 58*y + 48. What is the thousands digit of k(5)?
9
Let t(y) = -3*y**2 + 34 + 38*y**2 + 3*y**2 - 7 + y**2 + 11*y. What is the thousands digit of t(-6)?
1
Suppose h - 5902 - 108090 = -3*s, 0 = -2*s + 2*h + 76016. What is the hundreds digit of s?
0
Let n = 16902 + -6300. What is the tens digit of n?
0
What is the tens digit of 3/(-16) + 25187/16?
7
Let g = 46 - 43. Let q(f) = 6*f - 6*f**2 - 4 + 2*f**3 - 2*f**3 + 5*f**g. What is the tens digit of q(3)?
9
Let s(b) = 2*b**2 - 99*b - 255. Let d be s(52). Suppose -9 = -5*h + 6. Suppose -d*y = 4*x - 511, -3*y - 2*y = h*x - 377. What is the tens digit of x?
3
Let u be -8*(-4)/(-40)*5. Let k(y) = -2*y**3 - 8*y**2 + 2*y. Let f be k(u). Let q(t) = 2*t**2 - t - 18. What is the units digit of q(f)?
8
Let a(v) = 9*v + 4. Suppose -5 = 4*k - 13. Suppose -k*m = i - 5, -2*m + 4*i = -0*m + 20. What is the units digit of a(m)?
4
Let g(r) = 20*r**2 + 78*r + 424. What is the tens digit of g(-7)?
5
Let p = 899 + -803. What is the units digit of 13802/15 - p/720?
0
Let m(j) = 8*j**2 + 5*j + 8. Let x = 139 - 131. Suppose -7 = 5*y + o + x, 0 = 3*y - 3*o + 9. What is the units digit of m(y)?
5
Suppose 6*o - 2*o - 40 = 5*j, -11 = -3*o - j. Let y(a) = 66*a - 4 - 70*a + 2*a**3 - 3*a**3 + 6*a**2. What is the units digit of y(o)?
1
Let f(c) = -2*c**2 + 32*c - 27. Let w be f(15). Suppose 0 = -d + 2*d + w*l - 388, d - 382 = -l. What is the hundreds digit of d?
3
Suppose -10803 = -2*l - 3*m, -5*l + 12*m - 11*m = -27050. What is the tens digit of l?
0
Let j(t) = -3*t**3 - 26*t**2 + 17*t + 254. What is the thousands digit of j(-29)?
1
Let l(r) = -5*r**3 - 7*r**2 + r + 60. Let p(a) = -2*a**3 - 4*a**2 + 29. Let h(i) = -3*l(i) + 7*p(i). What is the units digit of h(7)?
2
Let h be 1 - (2 + 1) - (-5 + -1). Suppose 3*w = 2*n - 0*n - 21, -h*w + 72 = 4*n. What is the tens digit of n?
1
What is the ten thousands digit of (3/((-9)/12))/((-31708)/31700 - -1)?
1
Suppose 0*j = -j - 6. What is the tens digit of (-3320 + -4)/j - -4?
5
Suppose -370 - 500 = -5*t. Suppose -17*i - t = -15*i. Let b = i + 133. What is the tens digit of b?
4
Suppose -36*c - 369455 + 1969367 = 0. What is the ten thousands digit of c?
4
Let x(n) = -91*n**2 - 42*n + 44*n**2 + 45*n**2 - 35. What is the hundreds digit of x(-15)?
1
Suppose 0 = -3*q - 5*y - 1448 + 84004, 137665 = 5*q - 6*y. What is the thousands digit of q?
7
Let r(x) = x**2 + 11*x + 3. Let w be r(-11). Let g be (4 + -2)/6 + 59/w. What is the units digit of (-75)/(-2) + (g/(-8) - -4)?
9
Let a(k) be the third derivative of -k**4/6 + 2*k**3/3 - 8*k**2. Let j be a(1). Suppose -b + 5*b - 204 = j. What is the tens digit of b?
5
Let q = 149 - 426. Let m = -204 - q. What is the units digit of m?
3
Let t = -32 + 23. Suppose 5*h - 25 = -118*x + 121*x, x + 5 = h. What is the units digit of 46 + ((t/(-3))/(-3) - x)?
5
Suppose -3*j - 2*y + 19 = -15, -4*j + 22 = -2*y. Let d be 333 - (1 + -2 - 2). Suppose -4*a + j*a = d. What is the tens digit of a?
8
Let n(z) = 11*z**2 - 22*z. Let x(h) = 13*h**2 - 7*h**2 + 11*h - 11*h**2. Let w(s) = -3*n(s) - 7*x(s). What is the tens digit of w(10)?
9
Suppose -i = 6*r - 5*r - 1922, -i + r + 1914 = 0. Suppose 19092 + i = 11*d. What is the units digit of d?
0
Let x(y) = -y**2 + 8*y + 27. Let l be x(9). Suppose 15*v - 6 = l*v. What is the tens digit of (38 - 2/v) + -3?
3
Suppose 3*q = 2*d - 14207, 24*q = 19*q + 25. What is the hundreds digit of d?
1
Suppose -2*f + 4050 + 1804 = 3*g, 5882 = 3*g - 5*f. What is the units digit of g?
4
Let t(b) = -20*b**3 + 4*b**2 + 37*b - 100. What is the thousands digit of t(-7)?
6
Suppose -2303 = 2*r - 267. Let a = r - -1500. What is the units digit of a?
2
Let w(r) = 9*r**2 + r + 1. Let g = 37 + -8. Let l = g - 32. What is the tens digit of w(l)?
7
Suppose -5*j - 11 - 4 = 0, 12 = -4*q - 4*j. Suppose -3*d = -g - 260, -d - 3*g - 27 + 127 = q. Suppose -3*c = c - d. What is the units digit of c?
2
Let g(b) = 1446*b + 1542. What is the tens digit of g(8)?
1
Suppose 1900*d - 1704*d = 1884540. What is the tens digit of d?
1
Suppose 13072*v = 13104*v - 1984032. What is the ten thousands digit of v?
6
Suppose 0 = 168*t - 148*t - 180. Suppose -4*w = z - 5258, t - 7 = -z. What is the units digit of w?
5
Suppose 31*c + 37825 = g + 33*c, -3*c = 2*g - 75648. What is the thousands digit of g?
7
Suppose 0 = 2*k - 3*p + 5, -4*k + 2*p - 3 - 11 = 0. What is the tens digit of (36708/(-9))/k - (-10)/(-15)?
1
Suppose 3*g = -12, 10*a - 14*a = g - 28960. What is the thousands digit of a?
7
Suppose 5*b - 62 - 208 = 0. Let j be 2/9 - (-150)/b. Suppose -120 = -j*l - 2*l. What is the units digit of l?
4
Suppose -v - f + 3*f + 176 = 0, 2*v + 2*f - 340 = 0. Let d = 481 - v. What is the hundreds digit of d?
3
Suppose 0*w + 5*w = 5*h - 5, 0 = -5*h - 5*w - 15. Let q be 5 - h/3*3. Suppose -2*o = -q*o + 224. What is the units digit of o?
6
Suppose 0 = 4*j + 4*l + 16, 2*l - 10 + 18 = 4*j. Let f(p) = -8*p + 483. What is the hundreds digit of f(j)?
4
Suppose 5*d + 0*b - 46 = 3*b, -3*d + 3*b + 30 = 0. Let l(f) = 2*f**2 + 6*f - 2. What is the tens digit of l(d)?
7
Suppose 47436 = 5*u + 3*b, 5*u = b + 66058 - 18610. What is the tens digit of u?
8
Let w(s) = 5*s - 8. Let r be w(2). Let x be 24/30*(-5)/(-2). Suppose f + 9 = x*m, 3*m + 2*f = r*m + 2. What is the units digit of m?
4
Let p(l) = l**3 + 8*l**2 - 11*l - 9. Let q be p(-9). Suppose 8*z = -q*z + 17. What is the tens digit of 4 + (z + 0)*(-3 - -29)?
3
Let w(t) = 236*t + 382. What is the thousands